{"id":4930,"date":"2019-08-06T11:16:43","date_gmt":"2019-08-06T09:16:43","guid":{"rendered":"https:\/\/www.strom-larsen.no\/?page_id=4930"},"modified":"2024-10-16T12:30:03","modified_gmt":"2024-10-16T10:30:03","slug":"and-fugl","status":"publish","type":"page","link":"https:\/\/strom-larsen.no\/engros\/vareutvalg\/and-fugl\/","title":{"rendered":"And, fugl"},"content":{"rendered":"\t\t<div data-elementor-type=\"wp-page\" data-elementor-id=\"4930\" class=\"elementor elementor-4930\" data-elementor-post-type=\"page\">\n\t\t\t\t\t\t<section class=\"elementor-section elementor-top-section elementor-element elementor-element-7e728c4 elementor-section-boxed elementor-section-height-default elementor-section-height-default\" data-id=\"7e728c4\" data-element_type=\"section\" data-e-type=\"section\">\n\t\t\t\t\t\t<div class=\"elementor-container elementor-column-gap-default\">\n\t\t\t\t\t<div class=\"elementor-column elementor-col-33 elementor-top-column elementor-element elementor-element-c0dca5b\" data-id=\"c0dca5b\" data-element_type=\"column\" data-e-type=\"column\">\n\t\t\t<div class=\"elementor-widget-wrap elementor-element-populated\">\n\t\t\t\t\t\t<div class=\"elementor-element elementor-element-a5339db elementor-widget__width-initial elementor-widget elementor-widget-image\" data-id=\"a5339db\" data-element_type=\"widget\" data-e-type=\"widget\" data-widget_type=\"image.default\">\n\t\t\t\t<div class=\"elementor-widget-container\">\n\t\t\t\t\t\t\t\t\t\t\t\t\t\t\t<img fetchpriority=\"high\" decoding=\"async\" width=\"960\" height=\"640\" src=\"https:\/\/strom-larsen.no\/engros\/wp-content\/uploads\/17061-2-960x640.jpg\" class=\"attachment-large size-large wp-image-16054\" alt=\"\" srcset=\"https:\/\/strom-larsen.no\/engros\/wp-content\/uploads\/17061-2-960x640.jpg 960w, https:\/\/strom-larsen.no\/engros\/wp-content\/uploads\/17061-2-300x200.jpg 300w, https:\/\/strom-larsen.no\/engros\/wp-content\/uploads\/17061-2-scaled-800x533.jpg 800w, https:\/\/strom-larsen.no\/engros\/wp-content\/uploads\/17061-2-768x512.jpg 768w, https:\/\/strom-larsen.no\/engros\/wp-content\/uploads\/17061-2-1536x1024.jpg 1536w, https:\/\/strom-larsen.no\/engros\/wp-content\/uploads\/17061-2-2048x1365.jpg 2048w\" sizes=\"(max-width: 960px) 100vw, 960px\" \/>\t\t\t\t\t\t\t\t\t\t\t\t\t\t\t<\/div>\n\t\t\t\t<\/div>\n\t\t\t\t\t<\/div>\n\t\t<\/div>\n\t\t\t\t<div class=\"elementor-column elementor-col-33 elementor-top-column elementor-element elementor-element-ea5ef98\" data-id=\"ea5ef98\" data-element_type=\"column\" data-e-type=\"column\">\n\t\t\t<div class=\"elementor-widget-wrap elementor-element-populated\">\n\t\t\t\t\t\t<div class=\"elementor-element elementor-element-418adc4 elementor-widget elementor-widget-image\" data-id=\"418adc4\" data-element_type=\"widget\" data-e-type=\"widget\" data-widget_type=\"image.default\">\n\t\t\t\t<div class=\"elementor-widget-container\">\n\t\t\t\t\t\t\t\t\t\t\t\t\t\t\t<img decoding=\"async\" width=\"960\" height=\"640\" src=\"https:\/\/strom-larsen.no\/engros\/wp-content\/uploads\/17062-1-960x640.jpg\" class=\"attachment-large size-large wp-image-16051\" alt=\"\" srcset=\"https:\/\/strom-larsen.no\/engros\/wp-content\/uploads\/17062-1-960x640.jpg 960w, https:\/\/strom-larsen.no\/engros\/wp-content\/uploads\/17062-1-300x200.jpg 300w, https:\/\/strom-larsen.no\/engros\/wp-content\/uploads\/17062-1-scaled-800x533.jpg 800w, https:\/\/strom-larsen.no\/engros\/wp-content\/uploads\/17062-1-768x512.jpg 768w, https:\/\/strom-larsen.no\/engros\/wp-content\/uploads\/17062-1-1536x1024.jpg 1536w, https:\/\/strom-larsen.no\/engros\/wp-content\/uploads\/17062-1-2048x1365.jpg 2048w\" sizes=\"(max-width: 960px) 100vw, 960px\" \/>\t\t\t\t\t\t\t\t\t\t\t\t\t\t\t<\/div>\n\t\t\t\t<\/div>\n\t\t\t\t\t<\/div>\n\t\t<\/div>\n\t\t\t\t<div class=\"elementor-column elementor-col-33 elementor-top-column elementor-element elementor-element-12b389b\" data-id=\"12b389b\" data-element_type=\"column\" data-e-type=\"column\">\n\t\t\t<div class=\"elementor-widget-wrap elementor-element-populated\">\n\t\t\t\t\t\t<div class=\"elementor-element elementor-element-5efe48f elementor-widget elementor-widget-image\" data-id=\"5efe48f\" data-element_type=\"widget\" data-e-type=\"widget\" data-widget_type=\"image.default\">\n\t\t\t\t<div class=\"elementor-widget-container\">\n\t\t\t\t\t\t\t\t\t\t\t\t\t\t\t<img decoding=\"async\" width=\"960\" height=\"640\" src=\"https:\/\/strom-larsen.no\/engros\/wp-content\/uploads\/17053-1-960x640.jpg\" class=\"attachment-large size-large wp-image-16053\" alt=\"\" srcset=\"https:\/\/strom-larsen.no\/engros\/wp-content\/uploads\/17053-1-960x640.jpg 960w, https:\/\/strom-larsen.no\/engros\/wp-content\/uploads\/17053-1-300x200.jpg 300w, https:\/\/strom-larsen.no\/engros\/wp-content\/uploads\/17053-1-scaled-800x533.jpg 800w, https:\/\/strom-larsen.no\/engros\/wp-content\/uploads\/17053-1-768x512.jpg 768w, https:\/\/strom-larsen.no\/engros\/wp-content\/uploads\/17053-1-1536x1024.jpg 1536w, https:\/\/strom-larsen.no\/engros\/wp-content\/uploads\/17053-1-2048x1365.jpg 2048w\" sizes=\"(max-width: 960px) 100vw, 960px\" \/>\t\t\t\t\t\t\t\t\t\t\t\t\t\t\t<\/div>\n\t\t\t\t<\/div>\n\t\t\t\t\t<\/div>\n\t\t<\/div>\n\t\t\t\t\t<\/div>\n\t\t<\/section>\n\t\t\t\t<section class=\"elementor-section elementor-top-section elementor-element elementor-element-9b991a3 elementor-section-boxed elementor-section-height-default elementor-section-height-default\" data-id=\"9b991a3\" data-element_type=\"section\" data-e-type=\"section\">\n\t\t\t\t\t\t<div class=\"elementor-container elementor-column-gap-default\">\n\t\t\t\t\t<div class=\"elementor-column elementor-col-100 elementor-top-column elementor-element elementor-element-89ac810\" data-id=\"89ac810\" data-element_type=\"column\" data-e-type=\"column\">\n\t\t\t<div class=\"elementor-widget-wrap elementor-element-populated\">\n\t\t\t\t\t\t<div class=\"elementor-element elementor-element-8951279 elementor-widget elementor-widget-heading\" data-id=\"8951279\" data-element_type=\"widget\" data-e-type=\"widget\" data-widget_type=\"heading.default\">\n\t\t\t\t<div class=\"elementor-widget-container\">\n\t\t\t\t\t<h2 class=\"elementor-heading-title elementor-size-default\">And og fugl<\/h2>\t\t\t\t<\/div>\n\t\t\t\t<\/div>\n\t\t\t\t\t<\/div>\n\t\t<\/div>\n\t\t\t\t\t<\/div>\n\t\t<\/section>\n\t\t\t\t<section class=\"elementor-section elementor-top-section elementor-element elementor-element-e72622c elementor-section-boxed elementor-section-height-default elementor-section-height-default\" data-id=\"e72622c\" data-element_type=\"section\" data-e-type=\"section\">\n\t\t\t\t\t\t<div class=\"elementor-container elementor-column-gap-default\">\n\t\t\t\t\t<div class=\"elementor-column elementor-col-50 elementor-top-column elementor-element elementor-element-a24ff4d\" data-id=\"a24ff4d\" data-element_type=\"column\" data-e-type=\"column\">\n\t\t\t<div class=\"elementor-widget-wrap elementor-element-populated\">\n\t\t\t\t\t\t<div class=\"elementor-element elementor-element-ccafe28 elementor-widget elementor-widget-text-editor\" data-id=\"ccafe28\" data-element_type=\"widget\" data-e-type=\"widget\" data-widget_type=\"text-editor.default\">\n\t\t\t\t<div class=\"elementor-widget-container\">\n\t\t\t\t\t\t\t\t\t<p><b>And<\/b><\/p><ul><li>Andebryst, fryst G\u00e5rdsand (8 kg)<\/li><li>Andebryst, Fryst, Import, (5 kg)\u00a0<\/li><li>Andel\u00e5r, fryst (5 kg pr pk)<\/li><li>Andrefett fryst G\u00e5rdsand<\/li><li>Andeskrog fryst 10 kg pr pk<\/li><li>And hel 2,3 kg Ungarsk<\/li><li>and hel 2,3 kg Ungarsk<\/li><li>And hel, 1,2-2,5 kg, G\u00e5rdsand fryst<\/li><li>Andebryst fersk<\/li><li>Andel\u00e5r fersk<\/li><li>Andeconfit 2x 2,5 kg, G\u00e5dsand<\/li><li>Andelever Foiegras (hel lever) import Ungarsk<\/li><li>Andelever norsk<\/li><li>Andehjerte<\/li><\/ul>\t\t\t\t\t\t\t\t<\/div>\n\t\t\t\t<\/div>\n\t\t\t\t\t<\/div>\n\t\t<\/div>\n\t\t\t\t<div class=\"elementor-column elementor-col-50 elementor-top-column elementor-element elementor-element-64c47ba\" data-id=\"64c47ba\" data-element_type=\"column\" data-e-type=\"column\">\n\t\t\t<div class=\"elementor-widget-wrap elementor-element-populated\">\n\t\t\t\t\t\t<div class=\"elementor-element elementor-element-4ea5d73 elementor-widget elementor-widget-text-editor\" data-id=\"4ea5d73\" data-element_type=\"widget\" data-e-type=\"widget\" data-widget_type=\"text-editor.default\">\n\t\t\t\t<div class=\"elementor-widget-container\">\n\t\t\t\t\t\t\t\t\t<p><b>Diverse<\/b><\/p><ul><li>Ryper Import<\/li><li>Vaktel import fryst 220 g pr stk<\/li><\/ul>\t\t\t\t\t\t\t\t<\/div>\n\t\t\t\t<\/div>\n\t\t\t\t\t<\/div>\n\t\t<\/div>\n\t\t\t\t\t<\/div>\n\t\t<\/section>\n\t\t\t\t<\/div>\n\t\t","protected":false},"excerpt":{"rendered":"<p>And og fugl And Andebryst, fryst G\u00e5rdsand (8 kg) Andebryst, Fryst, Import, (5 kg)\u00a0 Andel\u00e5r, fryst (5 kg pr pk) Andrefett fryst G\u00e5rdsand Andeskrog fryst 10 kg pr pk And hel 2,3 kg Ungarsk and hel 2,3 kg Ungarsk And hel, 1,2-2,5 kg, G\u00e5rdsand fryst Andebryst fersk Andel\u00e5r fersk Andeconfit 2x 2,5 kg, G\u00e5dsand Andelever [&hellip;]<\/p>\n","protected":false},"author":1,"featured_media":0,"parent":3615,"menu_order":0,"comment_status":"closed","ping_status":"closed","template":"","meta":{"footnotes":""},"class_list":["post-4930","page","type-page","status-publish","hentry"],"blocksy_meta":{"styles_descriptor":{"styles":{"desktop":"","tablet":"","mobile":""},"google_fonts":[],"version":6}},"_links":{"self":[{"href":"https:\/\/strom-larsen.no\/engros\/wp-json\/wp\/v2\/pages\/4930","targetHints":{"allow":["GET"]}}],"collection":[{"href":"https:\/\/strom-larsen.no\/engros\/wp-json\/wp\/v2\/pages"}],"about":[{"href":"https:\/\/strom-larsen.no\/engros\/wp-json\/wp\/v2\/types\/page"}],"author":[{"embeddable":true,"href":"https:\/\/strom-larsen.no\/engros\/wp-json\/wp\/v2\/users\/1"}],"replies":[{"embeddable":true,"href":"https:\/\/strom-larsen.no\/engros\/wp-json\/wp\/v2\/comments?post=4930"}],"version-history":[{"count":8,"href":"https:\/\/strom-larsen.no\/engros\/wp-json\/wp\/v2\/pages\/4930\/revisions"}],"predecessor-version":[{"id":16100,"href":"https:\/\/strom-larsen.no\/engros\/wp-json\/wp\/v2\/pages\/4930\/revisions\/16100"}],"up":[{"embeddable":true,"href":"https:\/\/strom-larsen.no\/engros\/wp-json\/wp\/v2\/pages\/3615"}],"wp:attachment":[{"href":"https:\/\/strom-larsen.no\/engros\/wp-json\/wp\/v2\/media?parent=4930"}],"curies":[{"name":"wp","href":"https:\/\/api.w.org\/{rel}","templated":true}]}}